{"id":120,"date":"2025-04-26T17:26:54","date_gmt":"2025-04-26T15:26:54","guid":{"rendered":"https:\/\/www.clarypool.com\/?post_type=product&#038;p=120"},"modified":"2025-09-09T14:10:22","modified_gmt":"2025-09-09T12:10:22","slug":"aquaneed-flow-one-media-filtrant-piscine","status":"publish","type":"product","link":"https:\/\/www.clarypool.com\/index.php\/produit\/aquaneed-flow-one-media-filtrant-piscine\/","title":{"rendered":"Aquaneed Flow One m\u00e9dia filtrant d&#8217;exception pour votre filtre \u00e0 sable &#8211; 250 g"},"content":{"rendered":"<h2 data-start=\"191\" data-end=\"256\">\ud83c\udf00 AQUANEED Flow One \u2013 Le m\u00e9dia filtrant nouvelle g\u00e9n\u00e9ration<\/h2>\n<p data-start=\"257\" data-end=\"314\"><strong data-start=\"257\" data-end=\"314\">250 g = 25 kg de sable. Une eau pure, sans compromis.<\/strong><\/p>\n<p data-start=\"316\" data-end=\"672\"><strong data-start=\"316\" data-end=\"353\">Dites adieu au sable et au verre.<\/strong><br data-start=\"353\" data-end=\"356\" \/>Le <strong data-start=\"359\" data-end=\"380\">AQUANEED Flow One<\/strong> est un m\u00e9dia filtrant innovant con\u00e7u pour remplacer totalement le sable ou le verre dans les filtres \u00e0 sable traditionnels. Compos\u00e9 de <strong>Techni<\/strong>&#8211;<strong>fibres tiss\u00e9es en<\/strong> <strong data-start=\"516\" data-end=\"565\">\u00a0PE3D multicouches thermocoll\u00e9es<\/strong>, il assure une <strong data-start=\"581\" data-end=\"620\">filtration extr\u00eame jusqu\u2019\u00e0 1 micron<\/strong>, soit <strong data-start=\"627\" data-end=\"648\">50 fois plus fine<\/strong> qu\u2019un filtre classique.<\/p>\n<hr data-start=\"674\" data-end=\"677\" \/>\n<h3 data-start=\"679\" data-end=\"721\">\u2705 Pourquoi choisir AQUANEED Flow One ?<\/h3>\n<ul data-start=\"722\" data-end=\"1372\">\n<li data-start=\"722\" data-end=\"787\">\n<p data-start=\"724\" data-end=\"787\"><strong data-start=\"724\" data-end=\"760\">Filtration ultra-fine (1 micron)<\/strong> : eau limpide, cristalline<\/p>\n<\/li>\n<li data-start=\"788\" data-end=\"844\">\n<p data-start=\"790\" data-end=\"844\"><strong data-start=\"790\" data-end=\"815\">Ultra l\u00e9ger &amp; compact<\/strong> : <strong data-start=\"818\" data-end=\"844\">250 g = 25 kg de sable (voir le tableau d&#8217;\u00e9quivalence pour votre filtre )<\/strong><\/p>\n<\/li>\n<li data-start=\"845\" data-end=\"908\">\n<p data-start=\"847\" data-end=\"908\"><strong data-start=\"847\" data-end=\"873\">Dur\u00e9e de vie de 3 \u00e0 5 ans<\/strong> : lavable, sans perte d\u2019efficacit\u00e9<\/p>\n<\/li>\n<li data-start=\"909\" data-end=\"1000\">\n<p data-start=\"911\" data-end=\"1000\"><strong data-start=\"911\" data-end=\"947\">R\u00e9duction des produits chimiques<\/strong> : jusqu\u2019\u00e0 <strong data-start=\"958\" data-end=\"976\">-30% de chlore<\/strong>, <strong data-start=\"978\" data-end=\"1000\">-90% de floculants<\/strong><\/p>\n<\/li>\n<li data-start=\"1001\" data-end=\"1080\">\n<p data-start=\"1003\" data-end=\"1080\"><strong data-start=\"1003\" data-end=\"1021\">\u00c9coresponsable<\/strong> : recyclable (poubelle jaune), sans silice, z\u00e9ro poussi\u00e8re<\/p>\n<\/li>\n<li data-start=\"1081\" data-end=\"1175\">\n<p data-start=\"1083\" data-end=\"1175\"><strong data-start=\"1083\" data-end=\"1112\">Compatibilit\u00e9 universelle<\/strong> : s\u2019installe sans transformation dans tous les filtres \u00e0 sable<\/p>\n<\/li>\n<li data-start=\"1176\" data-end=\"1284\">\n<p data-start=\"1178\" data-end=\"1284\"><strong data-start=\"1178\" data-end=\"1205\">Performance hydraulique<\/strong> : contres-lavages r\u00e9duits ( back-wash x4 plus courts), pas de sur-r\u00e9gime<\/p>\n<\/li>\n<li data-start=\"1285\" data-end=\"1372\">\n<p data-start=\"1287\" data-end=\"1372\"><strong data-start=\"1287\" data-end=\"1325\">Moins d\u2019entretien, plus de confort<\/strong>, moins de bruit, et des \u00e9conomies \u00e0 long terme<\/p>\n<\/li>\n<li><strong>Economie d&#8217;\u00e9nergie :<\/strong>\u00a0la puissance de la pompe peut \u00eatre r\u00e9duite de <strong>20%<\/strong><\/li>\n<li><strong>Sant\u00e9<\/strong> : moins de chimie pour <strong>limiter les risques d&#8217;allergies<\/strong>, la peau et les cheveux sont moins secs<\/li>\n<\/ul>\n<hr data-start=\"1374\" data-end=\"1377\" \/>\n<h3 data-start=\"1379\" data-end=\"1398\">\ud83d\udd27 Id\u00e9al pour :<\/h3>\n<p data-start=\"1399\" data-end=\"1580\">\u2022 Tous filtres \u00e0 sable, neufs ou en r\u00e9novation<br data-start=\"1445\" data-end=\"1448\" \/>\u2022 R\u00e9duction de la consommation d\u2019eau, de produits et d\u2019\u00e9nergie<br data-start=\"1510\" data-end=\"1513\" \/>\u2022 Obtenir une <strong data-start=\"1527\" data-end=\"1545\">eau plus saine<\/strong>, plus douce, pour toute la famille<\/p>\n<p data-start=\"1582\" data-end=\"1765\">\ud83d\udca1 <strong data-start=\"1585\" data-end=\"1605\">Le saviez-vous ?<\/strong><br data-start=\"1605\" data-end=\"1608\" \/>\u27a1\ufe0f <strong data-start=\"1611\" data-end=\"1653\">250 g d\u2019Aquaneed Flow = 25 kg de sable<\/strong>, avec une efficacit\u00e9 <strong data-start=\"1675\" data-end=\"1697\">50 fois sup\u00e9rieure<\/strong><\/p>\n<p>&nbsp;<\/p>\n","protected":false},"excerpt":{"rendered":"<p><strong data-start=\"82\" data-end=\"103\">AQUANEED Flow One, 50 fois plus efficace \u00e0 tarif \u00e9quivalent et d&#8217;un entretien largement simplifi\u00e9<\/strong>, rempla\u00e7ant 25 kg de sable par 250 g de <strong>techni-fibres tiss\u00e9es en PE3D multicouches thermocoll\u00e9es<\/strong> lavables. Il offre une filtration ultra-fine jusqu\u2019\u00e0 1 micron, r\u00e9duisant l\u2019entretien, la consommation de produits chimiques et les contre-lavages.<\/p>\n","protected":false},"featured_media":548,"comment_status":"open","ping_status":"closed","template":"","meta":{"jetpack_publicize_message":"","jetpack_publicize_feature_enabled":true,"jetpack_social_post_already_shared":true,"jetpack_social_options":{"image_generator_settings":{"template":"highway","default_image_id":0,"font":"","enabled":false},"version":2}},"product_brand":[],"product_cat":[69],"product_tag":[23,24,22,29,27,25,21,26,47,76,75],"class_list":{"0":"post-120","1":"product","2":"type-product","3":"status-publish","4":"has-post-thumbnail","6":"product_cat-filtration","7":"product_tag-aquaneed-robot","8":"product_tag-aquaneed-skim","9":"product_tag-eau-cristaline","10":"product_tag-eau-cristalline","11":"product_tag-ecologique","12":"product_tag-entretien-piscine","13":"product_tag-filtration","14":"product_tag-filtration-piscine","15":"product_tag-media-filtrant","16":"product_tag-regulateur-chlore","17":"product_tag-regulateur-ph","18":"product_shipping_class-colis-moyen","20":"first","21":"instock","22":"taxable","23":"shipping-taxable","24":"purchasable","25":"product-type-simple"},"yoast_head":"<!-- This site is optimized with the Yoast SEO plugin v27.4 - https:\/\/yoast.com\/product\/yoast-seo-wordpress\/ -->\n<title>Aquaneed Flow One m\u00e9dia filtrant d&#039;exception pour votre filtre \u00e0 sable - 250 g - Clarypool<\/title>\n<meta name=\"description\" content=\"Aquaneed Flow One, m\u00e9dia filtrant nouvelle g\u00e9n\u00e9ration. Filtration ultra-fine 1 micron, \u00e9conomies d&#039;\u00e9nergie, recyclable, remplace le sable ou le verre, moins de chlore\" \/>\n<meta name=\"robots\" content=\"index, follow, max-snippet:-1, max-image-preview:large, max-video-preview:-1\" \/>\n<link rel=\"canonical\" href=\"https:\/\/www.clarypool.com\/index.php\/produit\/aquaneed-flow-one-media-filtrant-piscine\/\" \/>\n<meta property=\"og:locale\" content=\"en_US\" \/>\n<meta property=\"og:type\" content=\"article\" \/>\n<meta property=\"og:title\" content=\"Aquaneed Flow One m\u00e9dia filtrant d&#039;exception pour votre filtre \u00e0 sable - 250 g - Clarypool\" \/>\n<meta property=\"og:description\" content=\"Aquaneed Flow One, m\u00e9dia filtrant nouvelle g\u00e9n\u00e9ration. Filtration ultra-fine 1 micron, \u00e9conomies d&#039;\u00e9nergie, recyclable, remplace le sable ou le verre, moins de chlore\" \/>\n<meta property=\"og:url\" content=\"https:\/\/www.clarypool.com\/index.php\/produit\/aquaneed-flow-one-media-filtrant-piscine\/\" \/>\n<meta property=\"og:site_name\" content=\"Clarypool\" \/>\n<meta property=\"article:publisher\" content=\"https:\/\/facebook.com\/yoast\" \/>\n<meta property=\"article:modified_time\" content=\"2025-09-09T12:10:22+00:00\" \/>\n<meta property=\"og:image\" content=\"https:\/\/www.clarypool.com\/wp-content\/uploads\/2025\/05\/flox-filtre-comp-fond-gris.png\" \/>\n\t<meta property=\"og:image:width\" content=\"1024\" \/>\n\t<meta property=\"og:image:height\" content=\"1024\" \/>\n\t<meta property=\"og:image:type\" content=\"image\/png\" \/>\n<meta name=\"twitter:card\" content=\"summary_large_image\" \/>\n<meta name=\"twitter:label1\" content=\"Est. reading time\" \/>\n\t<meta name=\"twitter:data1\" content=\"2 minutes\" \/>\n<script type=\"application\/ld+json\" class=\"yoast-schema-graph\">{\"@context\":\"https:\\\/\\\/schema.org\",\"@graph\":[{\"@type\":\"WebPage\",\"@id\":\"https:\\\/\\\/www.clarypool.com\\\/index.php\\\/produit\\\/aquaneed-flow-one-media-filtrant-piscine\\\/\",\"url\":\"https:\\\/\\\/www.clarypool.com\\\/index.php\\\/produit\\\/aquaneed-flow-one-media-filtrant-piscine\\\/\",\"name\":\"Aquaneed Flow One m\u00e9dia filtrant d'exception pour votre filtre \u00e0 sable - 250 g - Clarypool\",\"isPartOf\":{\"@id\":\"https:\\\/\\\/www.clarypool.com\\\/#website\"},\"primaryImageOfPage\":{\"@id\":\"https:\\\/\\\/www.clarypool.com\\\/index.php\\\/produit\\\/aquaneed-flow-one-media-filtrant-piscine\\\/#primaryimage\"},\"image\":{\"@id\":\"https:\\\/\\\/www.clarypool.com\\\/index.php\\\/produit\\\/aquaneed-flow-one-media-filtrant-piscine\\\/#primaryimage\"},\"thumbnailUrl\":\"https:\\\/\\\/i0.wp.com\\\/www.clarypool.com\\\/wp-content\\\/uploads\\\/2025\\\/05\\\/flox-filtre-comp-fond-gris.png?fit=1024%2C1024&ssl=1\",\"datePublished\":\"2025-04-26T15:26:54+00:00\",\"dateModified\":\"2025-09-09T12:10:22+00:00\",\"description\":\"Aquaneed Flow One, m\u00e9dia filtrant nouvelle g\u00e9n\u00e9ration. Filtration ultra-fine 1 micron, \u00e9conomies d'\u00e9nergie, recyclable, remplace le sable ou le verre, moins de chlore\",\"breadcrumb\":{\"@id\":\"https:\\\/\\\/www.clarypool.com\\\/index.php\\\/produit\\\/aquaneed-flow-one-media-filtrant-piscine\\\/#breadcrumb\"},\"inLanguage\":\"en-US\",\"potentialAction\":[{\"@type\":\"ReadAction\",\"target\":[\"https:\\\/\\\/www.clarypool.com\\\/index.php\\\/produit\\\/aquaneed-flow-one-media-filtrant-piscine\\\/\"]}]},{\"@type\":\"ImageObject\",\"inLanguage\":\"en-US\",\"@id\":\"https:\\\/\\\/www.clarypool.com\\\/index.php\\\/produit\\\/aquaneed-flow-one-media-filtrant-piscine\\\/#primaryimage\",\"url\":\"https:\\\/\\\/i0.wp.com\\\/www.clarypool.com\\\/wp-content\\\/uploads\\\/2025\\\/05\\\/flox-filtre-comp-fond-gris.png?fit=1024%2C1024&ssl=1\",\"contentUrl\":\"https:\\\/\\\/i0.wp.com\\\/www.clarypool.com\\\/wp-content\\\/uploads\\\/2025\\\/05\\\/flox-filtre-comp-fond-gris.png?fit=1024%2C1024&ssl=1\",\"width\":1024,\"height\":1024},{\"@type\":\"BreadcrumbList\",\"@id\":\"https:\\\/\\\/www.clarypool.com\\\/index.php\\\/produit\\\/aquaneed-flow-one-media-filtrant-piscine\\\/#breadcrumb\",\"itemListElement\":[{\"@type\":\"ListItem\",\"position\":1,\"name\":\"Accueil\",\"item\":\"https:\\\/\\\/www.clarypool.com\\\/\"},{\"@type\":\"ListItem\",\"position\":2,\"name\":\"Boutique\",\"item\":\"https:\\\/\\\/www.clarypool.com\\\/index.php\\\/boutique\\\/\"},{\"@type\":\"ListItem\",\"position\":3,\"name\":\"Aquaneed Flow One m\u00e9dia filtrant d&rsquo;exception pour votre filtre \u00e0 sable &#8211; 250 g\"}]},{\"@type\":\"WebSite\",\"@id\":\"https:\\\/\\\/www.clarypool.com\\\/#website\",\"url\":\"https:\\\/\\\/www.clarypool.com\\\/\",\"name\":\"Clarypool\",\"description\":\"Votre piscine cristalline\",\"publisher\":{\"@id\":\"https:\\\/\\\/www.clarypool.com\\\/#organization\"},\"potentialAction\":[{\"@type\":\"SearchAction\",\"target\":{\"@type\":\"EntryPoint\",\"urlTemplate\":\"https:\\\/\\\/www.clarypool.com\\\/?s={search_term_string}\"},\"query-input\":{\"@type\":\"PropertyValueSpecification\",\"valueRequired\":true,\"valueName\":\"search_term_string\"}}],\"inLanguage\":\"en-US\"},{\"@type\":\"Organization\",\"@id\":\"https:\\\/\\\/www.clarypool.com\\\/#organization\",\"name\":\"Clarypool\",\"url\":\"https:\\\/\\\/www.clarypool.com\\\/\",\"logo\":{\"@type\":\"ImageObject\",\"inLanguage\":\"en-US\",\"@id\":\"https:\\\/\\\/www.clarypool.com\\\/#\\\/schema\\\/logo\\\/image\\\/\",\"url\":\"https:\\\/\\\/i0.wp.com\\\/www.clarypool.com\\\/wp-content\\\/uploads\\\/2025\\\/04\\\/clarypool-screen.png?fit=592%2C228&ssl=1\",\"contentUrl\":\"https:\\\/\\\/i0.wp.com\\\/www.clarypool.com\\\/wp-content\\\/uploads\\\/2025\\\/04\\\/clarypool-screen.png?fit=592%2C228&ssl=1\",\"width\":592,\"height\":228,\"caption\":\"Clarypool\"},\"image\":{\"@id\":\"https:\\\/\\\/www.clarypool.com\\\/#\\\/schema\\\/logo\\\/image\\\/\"},\"sameAs\":[\"https:\\\/\\\/facebook.com\\\/yoast\"]}]}<\/script>\n<!-- \/ Yoast SEO plugin. -->","yoast_head_json":{"title":"Aquaneed Flow One m\u00e9dia filtrant d'exception pour votre filtre \u00e0 sable - 250 g - Clarypool","description":"Aquaneed Flow One, m\u00e9dia filtrant nouvelle g\u00e9n\u00e9ration. Filtration ultra-fine 1 micron, \u00e9conomies d'\u00e9nergie, recyclable, remplace le sable ou le verre, moins de chlore","robots":{"index":"index","follow":"follow","max-snippet":"max-snippet:-1","max-image-preview":"max-image-preview:large","max-video-preview":"max-video-preview:-1"},"canonical":"https:\/\/www.clarypool.com\/index.php\/produit\/aquaneed-flow-one-media-filtrant-piscine\/","og_locale":"en_US","og_type":"article","og_title":"Aquaneed Flow One m\u00e9dia filtrant d'exception pour votre filtre \u00e0 sable - 250 g - Clarypool","og_description":"Aquaneed Flow One, m\u00e9dia filtrant nouvelle g\u00e9n\u00e9ration. Filtration ultra-fine 1 micron, \u00e9conomies d'\u00e9nergie, recyclable, remplace le sable ou le verre, moins de chlore","og_url":"https:\/\/www.clarypool.com\/index.php\/produit\/aquaneed-flow-one-media-filtrant-piscine\/","og_site_name":"Clarypool","article_publisher":"https:\/\/facebook.com\/yoast","article_modified_time":"2025-09-09T12:10:22+00:00","og_image":[{"width":1024,"height":1024,"url":"https:\/\/www.clarypool.com\/wp-content\/uploads\/2025\/05\/flox-filtre-comp-fond-gris.png","type":"image\/png"}],"twitter_card":"summary_large_image","twitter_misc":{"Est. reading time":"2 minutes"},"schema":{"@context":"https:\/\/schema.org","@graph":[{"@type":"WebPage","@id":"https:\/\/www.clarypool.com\/index.php\/produit\/aquaneed-flow-one-media-filtrant-piscine\/","url":"https:\/\/www.clarypool.com\/index.php\/produit\/aquaneed-flow-one-media-filtrant-piscine\/","name":"Aquaneed Flow One m\u00e9dia filtrant d'exception pour votre filtre \u00e0 sable - 250 g - Clarypool","isPartOf":{"@id":"https:\/\/www.clarypool.com\/#website"},"primaryImageOfPage":{"@id":"https:\/\/www.clarypool.com\/index.php\/produit\/aquaneed-flow-one-media-filtrant-piscine\/#primaryimage"},"image":{"@id":"https:\/\/www.clarypool.com\/index.php\/produit\/aquaneed-flow-one-media-filtrant-piscine\/#primaryimage"},"thumbnailUrl":"https:\/\/i0.wp.com\/www.clarypool.com\/wp-content\/uploads\/2025\/05\/flox-filtre-comp-fond-gris.png?fit=1024%2C1024&ssl=1","datePublished":"2025-04-26T15:26:54+00:00","dateModified":"2025-09-09T12:10:22+00:00","description":"Aquaneed Flow One, m\u00e9dia filtrant nouvelle g\u00e9n\u00e9ration. Filtration ultra-fine 1 micron, \u00e9conomies d'\u00e9nergie, recyclable, remplace le sable ou le verre, moins de chlore","breadcrumb":{"@id":"https:\/\/www.clarypool.com\/index.php\/produit\/aquaneed-flow-one-media-filtrant-piscine\/#breadcrumb"},"inLanguage":"en-US","potentialAction":[{"@type":"ReadAction","target":["https:\/\/www.clarypool.com\/index.php\/produit\/aquaneed-flow-one-media-filtrant-piscine\/"]}]},{"@type":"ImageObject","inLanguage":"en-US","@id":"https:\/\/www.clarypool.com\/index.php\/produit\/aquaneed-flow-one-media-filtrant-piscine\/#primaryimage","url":"https:\/\/i0.wp.com\/www.clarypool.com\/wp-content\/uploads\/2025\/05\/flox-filtre-comp-fond-gris.png?fit=1024%2C1024&ssl=1","contentUrl":"https:\/\/i0.wp.com\/www.clarypool.com\/wp-content\/uploads\/2025\/05\/flox-filtre-comp-fond-gris.png?fit=1024%2C1024&ssl=1","width":1024,"height":1024},{"@type":"BreadcrumbList","@id":"https:\/\/www.clarypool.com\/index.php\/produit\/aquaneed-flow-one-media-filtrant-piscine\/#breadcrumb","itemListElement":[{"@type":"ListItem","position":1,"name":"Accueil","item":"https:\/\/www.clarypool.com\/"},{"@type":"ListItem","position":2,"name":"Boutique","item":"https:\/\/www.clarypool.com\/index.php\/boutique\/"},{"@type":"ListItem","position":3,"name":"Aquaneed Flow One m\u00e9dia filtrant d&rsquo;exception pour votre filtre \u00e0 sable &#8211; 250 g"}]},{"@type":"WebSite","@id":"https:\/\/www.clarypool.com\/#website","url":"https:\/\/www.clarypool.com\/","name":"Clarypool","description":"Votre piscine cristalline","publisher":{"@id":"https:\/\/www.clarypool.com\/#organization"},"potentialAction":[{"@type":"SearchAction","target":{"@type":"EntryPoint","urlTemplate":"https:\/\/www.clarypool.com\/?s={search_term_string}"},"query-input":{"@type":"PropertyValueSpecification","valueRequired":true,"valueName":"search_term_string"}}],"inLanguage":"en-US"},{"@type":"Organization","@id":"https:\/\/www.clarypool.com\/#organization","name":"Clarypool","url":"https:\/\/www.clarypool.com\/","logo":{"@type":"ImageObject","inLanguage":"en-US","@id":"https:\/\/www.clarypool.com\/#\/schema\/logo\/image\/","url":"https:\/\/i0.wp.com\/www.clarypool.com\/wp-content\/uploads\/2025\/04\/clarypool-screen.png?fit=592%2C228&ssl=1","contentUrl":"https:\/\/i0.wp.com\/www.clarypool.com\/wp-content\/uploads\/2025\/04\/clarypool-screen.png?fit=592%2C228&ssl=1","width":592,"height":228,"caption":"Clarypool"},"image":{"@id":"https:\/\/www.clarypool.com\/#\/schema\/logo\/image\/"},"sameAs":["https:\/\/facebook.com\/yoast"]}]}},"jetpack_publicize_connections":[],"jetpack_sharing_enabled":true,"jetpack_likes_enabled":true,"jetpack-related-posts":[],"_links":{"self":[{"href":"https:\/\/www.clarypool.com\/index.php\/wp-json\/wp\/v2\/product\/120","targetHints":{"allow":["GET"]}}],"collection":[{"href":"https:\/\/www.clarypool.com\/index.php\/wp-json\/wp\/v2\/product"}],"about":[{"href":"https:\/\/www.clarypool.com\/index.php\/wp-json\/wp\/v2\/types\/product"}],"replies":[{"embeddable":true,"href":"https:\/\/www.clarypool.com\/index.php\/wp-json\/wp\/v2\/comments?post=120"}],"wp:featuredmedia":[{"embeddable":true,"href":"https:\/\/www.clarypool.com\/index.php\/wp-json\/wp\/v2\/media\/548"}],"wp:attachment":[{"href":"https:\/\/www.clarypool.com\/index.php\/wp-json\/wp\/v2\/media?parent=120"}],"wp:term":[{"taxonomy":"product_brand","embeddable":true,"href":"https:\/\/www.clarypool.com\/index.php\/wp-json\/wp\/v2\/product_brand?post=120"},{"taxonomy":"product_cat","embeddable":true,"href":"https:\/\/www.clarypool.com\/index.php\/wp-json\/wp\/v2\/product_cat?post=120"},{"taxonomy":"product_tag","embeddable":true,"href":"https:\/\/www.clarypool.com\/index.php\/wp-json\/wp\/v2\/product_tag?post=120"}],"curies":[{"name":"wp","href":"https:\/\/api.w.org\/{rel}","templated":true}]}}